e 14 - (2 - (23 + -8) - (-5 - 2)).
20
Evaluate -13 + -5 - (74 - 91).
-1
(13 + 4 - 44) + 5 + -3 + 5
-20
Calculate (3 - 1) + (33 - 37).
-2
Calculate -17 + 7 + -35 + 41.
-4
Evaluate -2 + 2 - (-16 + (9 - 6)).
13
What is the value of 2 - 3 - -1 - (-36 - -57)?
-21
What is 10 + 21 + -24 - (1 + -2)?
8
What is (-15 - -39) + -13 + 8 + 1?
20
What is the value of (-101 - -111) + -5 + 13?
18
Calculate 8 - 1 - (13 + -15 + -1 + 6).
4
What is the value of -1 + 9 - (-25 + 36)?
-3
What is the value of -27 + -8 + 6 - (4 - (19 - 6))?
-20
-1 + (-1 - 12) - (-342 - -339)
-11
(1 - 9) + 14 + 0 + -3
3
What is -18 + 42 + 13 + -26?
11
14 - -4 - (1 + -6 + 7)
16
What is -6 + 8 + (-14 - (0 + 0))?
-12
-11 - (7 + (4 - 17)) - (1 + -31)
25
12 - (3 - 2) - 0
11
42 + (-21 - 8) - 28
-15
What is -12 - (-13 - 0 - (131 - 142))?
-10
What is 7 + -25 + -29 - -44?
-3
What is the value of (-34 - (-24 + 0)) + 7?
-3
What is the value of 2 + -20 + 7 + (-3 - -5) + -7?
-16
Evaluate (8 - (-11 + 3) - 6) + -3 + 0.
7
Calculate (-2 - (-3 + -6)) + 10.
17
Calculate (-36 - -38) + 0 + -19 + (7 - -1).
-9
What is the value of (-43 - -37) + -2 + 1 + 7?
0
Calculate -14 + 4 + (7 - -11).
8
What is the value of -6 + 21 + -23 + -10?
-18
Calculate (7 - 0) + -8 + -8 + -1 + 10.
0
Evaluate (-93 - -119) + -38 + 2.
-10
What is -2 + (4 - -1 - 5) + 4?
2
Evaluate (-3 - -5) + 0 + -7 + -1.
-6
What is 3 + (-1 - -2) + -1 - (3000 + -3000)?
3
What is -1 + -15 + 9 + (3 - -18)?
14
Evaluate 796 + -781 + (-39 - -1).
-23
Calculate 12 + -11 - (-4 - -4).
1
What is the value of -2 + (21 - 11) + -40?
-32
What is the value of -10 - (17 - -8 - 30)?
-5
Calculate (3 - 2 - 5) + -8 + (4 - -6).
-2
Calculate (2 - -2) + (10 + 18 - 2) + -10.
20
What is -16 - (-13 + 11 + -11)?
-3
What is the value of -5 - (16 + -2 - 12 - (-1 - -1))?
-7
Evaluate -4 - 2 - -17 - 7 - -5.
9
Calculate (-7 - -2 - 1) + 15 + -6.
3
Evaluate (39 + -3 - -14) + -36.
14
What is -25 - (-4 - (19 + -9))?
-11
What is the value of 17 + -9 + -11 + (0 - -10) + -3?
4
What is (25 - 24 - 13) + (5 - 1) - 10?
-18
Calculate (-630 - -624) + 20 + -1.
13
What is the value of 14 + 12 + -22 + -6?
-2
What is 2 - (-6 + 1 + -3 + -5)?
15
What is 8 + -10 + (-13 - -14) + 0 + 1?
0
Calculate (0 - 25) + 21 + (4 - 4 - -3).
-1
-8 + 6 - (-3 + -3 + (6 - 3))
1
What is the value of 56 + -122 - (-37 + 0)?
-29
Calculate -35 + (-12 - -31) + (1 - (-4 + 0)).
-11
Calculate 1110 - 1156 - (-14 - 1).
-31
Calculate (-14 - (-3 + 3)) + 8 + -18 + 18.
-6
What is the value of -3 + 3 - (2 + 3 + 3 + -32)?
24
What is 5 + (-18 - (2 + 21 - 11))?
-25
Evaluate 7 + -2 + (-8 - -6).
3
Evaluate (-2 - (-2 - 3)) + (-7 - -9 - 1).
4
Evaluate -38 + 78 - (8 - (4 + -5)).
31
What is (5 - -14) + 14 - 14?
19
What is the value of (9 + -12 - -5) + -14 + 15?
3
What is the value of -14 + 13 + (12 - 10)?
1
Evaluate -19 - (6 - 11) - (-45 - 3).
34
Evaluate 0 - (-12 + 10 + -3 + 10).
-5
What is -26 + 30 + (-20 - ((7 - 3) + -4))?
-16
-1 + (-1 - -1) - (-192 - -199)
-8
Evaluate -24 + (42 - 23) - 16.
-21
3 - (-13 + 19 - 14)
11
What is the value of -9 - ((3 + -1 - 6) + -2) - 6?
-9
What is the value of (4 - (5 + -13 + 17)) + -2 + -4?
-11
3 + -25 - (2 + -7 + 7 + -7)
-17
What is the value of (-28 - -48 - 15) + -10?
-5
Evaluate 20 - (1 - 1) - -2 - (166 + -165).
21
Calculate (-2 + -6 - -2) + (-25 - -14).
-17
What is -7420 + 7415 + (0 - 1) + 8?
2
Calculate -52 + -20 + 24 - -38.
-10
Evaluate 15 + -56 - (-15 + -18).
-8
Calculate (15 + 3 - (2 + 6)) + -11.
-1
What is the value of 4 - ((14 - 27) + 42)?
-25
Calculate -119 + 90 + (37 - -5).
13
-1 + (0 - -4) + -5 + 11 + -5
4
What is (5 - 7 - -8) + (-33 - -23)?
-4
What is the value of -4 + 12 + (-122 - -113) + (-1 - 20)?
-22
6 + 1 + 10 + -1 + (3 - 5)
14
What is the value of -6 + (-1 - -1) - (188 - 187)?
-7
What is (-16 - 0) + -11 - (-8 + 1 - -2)?
-22
20 + -2 - 9 - 7
2
What is -5 + (-22 - -24) + 2 + (-5 - 1)?
-7
What is -31 + 52 - (32 + 0)?
-11
What is the value of 29 + (-30 - -12) - (2 + 19)?
-10
(10 - 4) + -118 + 118
6
Evaluate 70 + -71 + -4 + (15 - 9).
1
2 + 1 + -17 + 11 - -15
12
7 + -15 + (16 - 3)
5
0 + (-19 - (8 - 15))
-12
(10 - 27) + 31 - 29
-15
Evaluate -3 - (0 + (1 - -4 - 1)).
-7
Evaluate (7 - 1) + 8 - (28 - -2).
-16
Calculate 12 - (17 + -12 - -14).
-7
What is (1 - -6) + (-64 + 39 - -18)?
0
-8 - (-1 - -2 - 8) - (-20 + 0)
19
Evaluate 17 + 3 + -20 - (-9 + 1) - -3.
11
What is (12 - (12 + -13 - -7)) + -4 - -10?
12
Calculate (0 - (-11 + 11 + -3)) + 0 + -2.
1
What is -15 + (26 - 4) + -3?
4
5 + (19 + -22 - ((-4 - -6) + 3))
-3
-23 + 27 - 10 - -4
-2
What is the value of 18 + (-70 - (-47 + 24))?
-29
-12 - (1 - -5 - (127 - 120))
-11
What is 3 - 3 - -4 - (34 + -25)?
-5
(1 - -4 - -1) + (9 - -1 - 0)
16
What is the value of -48 + 18 - -26 - (-19 - (-3 + 2))?
14
124 + -148 + 8 + 2
-14
Evaluate (3 - 1) + 6 + (-346 - -343).
5
Calculate -3 - (30 + -10) - (-10 + 0 + 0).
-13
What is 4 - (7 + -2 - 8)?
7
Evaluate (5 - (-22 - (-6 - -3))) + -9 + 6.
21
Calculate 3 + (10 - 4) + -24 + -6.
-21
What is the value of -7 - (6 + -6 + -1 - -4)?
-10
(24 - 0) + -62 + 48 - (-4 - 1)
15
-1 + 3 + (7 - 0) + -3
6
What is (34 - (-42 - -120)) + 12?
-32
Calculate 26 + -1 + -23 + (-8 - 1).
-7
Evaluate (10 - 10) + -4 + (-9 - -2).
-11
Evaluate 53 - (12 + -12) - 12 - 15.
26
What is -452 + 451 + 1 + -30?
-30
Evaluate -7 - (7 + -6 + (-6 - (7 + -5))).
0
Calculate 6 - ((-31 - -16) + 7).
14
Evaluate 18 + (22 - (20 - -5)).
15
(-90 + 103 - (-1 - -17)) + (-7 - 0)
-10
What is -11 + 10 + 4 - ((7 - 3) + 1)?
-2
-2 + -3 + 6 + -15 + 5
-9
What is the value of -8 + 1 + 3 + (-29 - -19)?
-14
Evaluate 115 + -93 - (2 + 2 - (2 + -3)).
17
Evaluate -29 - -32 - 5 - (-2 + 16).
-16
Evaluate 0 + (-4 - (1 - 3)) - (-47 + 34).
11
6 - (-2 + -1 + -6) - 9
6
Calculate (1 - -11) + (8 - (-5 + 25)) + 14.
14
What is 1 - (-2 - -10) - (-7 - (4 - 15))?
-11
(-5 + 0 + 7 - -1) + -7
-4
What is the value of 4 - (14 - ((8 - (-8 - -6)) + -8))?
-8
What is the value of 5 + (-2 - (-12 + 1)) + (-7 - -3)?
10
Evaluate 0 + (3 - -4 - (34 - 27)) + -17.
-17
What is (20 + -54 - -42) + 2 + -1 + 11?
20
Calculate (-101 - -87) + (27 - 1).
12
Evaluate 8 + (21 - 56) - 7.
-34
-10 - ((21 + -15 - 2) + (15 - 2))
-27
What is -7 - (11 + -7 + -8 + 5) - -7?
-1
Evaluate 27 - (26 + (2 - 9) - 9).
17
What is the value of -11 + (0 + 3 - -9) - 15?
-14
Evaluate (-10 - (57 + -16)) + 14.
-37
What is the value of 6 + (0 + -14 - (-39 + 40))?
-9
Evaluate (3 - (0 - -1)) + 2 - (-82 + 88).
-2
Calculate -5 - -13 - -5 - (-16 - -6).
23
-14 - 1 - (178 + -203)
10
-50 + 56 - (-1 + -2 + -3)
12
2 - -2 - (-4 - 1 - (-26 - -21))
4
Calculate 49 + -14 + -51 + -9.
-25
What is the value of 88 + -44 + -19 + -19?
6
Evaluate -1 - 2 - (30 + -58) - 10.
15
Evaluate (9 - 2) + (-5 + -1 - 13) - -1.
-11
-41 - (-13 - -11 - 22)
-17
What is 26 + 17 + (-58 - -28)?
13
What is the value of -6 + (2 - 0 - (-2 - 11 - -10))?
-1
Calculate (4 - (4 + -35)) + (8 - 11).
32
What is the value of 18 - 11 - (34 - 27)?
0
What is -11 - ((11 - 3) + -18)?
-1
Evaluate (0 - 5) + 21 + -25 + -11.
-20
Evaluate -40 + 15 + -6 + (30 - 22).
-23
What is (-2 - -12) + (1 - 0) - (-32 - -30)?
13
What is 22 + 1 + (297 - 329)?
-9
Calculate (-2 - 5) + -6 + 2.
-11
What is (3 + 0 + -21 - 1) + (4 - 6)?
-21
What is the value of (6 - 23) + (-2 - (1 + -2 + -6))?
-12
7 + -1 - (-7 + 9 + -4 + 1)
7
Evaluate 1 + (-9 - -15) + -25 + 4.
-14
What is (15 - 5) + -1 + -3 + 2 + 26?
34
What is the value of 119 + -135 + 7 + 1 + 26?
18
17 + -78 + 46 - -19
4
What is -13 - (3 + 4) - -7?
-13
Evaluate 1 + 1 + 0 - (13 - (7 - -4)).
0
Calculate 1 + -25 - (-22 - (10 + -39 - -15)).
-16
Evaluate 6 + 6 + -1 + -7 - (-2 - -8).
-2
What is the value of (12 - 2) + (-14 + 11 - -11)?
18
What is 20 + -21 + 0 + -22?
-23
What is the value of 1321 - 1284 - (1 + 10 + -2 + 0)?
28
What is -19 + (-10 - (18 + -7 + -29)) - -32?
21
What is the value of -8 + (1 - -10) + 17 + -6?
14
What is the value of 1 - 0 - (-17 + 5 + 5)?
8
2 + -3 + -2 - (-2 - 7)
6
What is 0 - (3 - (4 - -4 - 11))?
-6
Calculate (-7 - (-37 - (5 - 15 - -8))) + -7.
21
Calculate (-4 - 52) + 215 + -181.
-22
Calculate 13 + -12 + -3 - (-9 + -1).
8
What is the value of -11 + 11 + (-1 - ((-2 - -4) + 1))?
-4
What is the value of -16 - (-3 - (-23 + 19 + (2 - -2)))?
-13
Calculate 0 - ((-4 - 0 - (-1 + 1)) + -8).
12
Evaluate (2 - -5) + 4 + -7 + -13 + 0.
-9
30 - (10 + 32 + -44 + 1 + 4)
27
What is 9 + -29 -